{"id":564,"date":"2024-11-24T21:25:20","date_gmt":"2024-11-24T20:25:20","guid":{"rendered":"https:\/\/leatherandbones.pl\/?post_type=product&#038;p=564"},"modified":"2025-02-05T10:51:57","modified_gmt":"2025-02-05T09:51:57","slug":"pasek-vik","status":"publish","type":"product","link":"https:\/\/leatherandbones.pl\/?product=pasek-vik","title":{"rendered":"Pasek Viking"},"content":{"rendered":"<p>Pasek wykonany ze sk\u00f3ry bydl\u0119cej grubo\u015bci 4,5 mm , r\u0119cznie t\u0142oczony i farbowany.<\/p>\n<p>Obw\u00f3d do ustalenia.<\/p>\n<p>Szeroko\u015b\u0107 3,8 cm<\/p>\n<p>Produkt na zam\u00f3wienie,czas realizacji do 10 dni roboczych.<\/p>\n","protected":false},"excerpt":{"rendered":"<p>Pasek wykonany ze sk\u00f3ry bydl\u0119cej grubo\u015bci 4,5 mm , r\u0119cznie t\u0142oczony i farbowany. Obw\u00f3d do ustalenia. Szeroko\u015b\u0107 3,8 cm Produkt na zam\u00f3wienie,czas realizacji do 10 dni roboczych.<\/p>\n","protected":false},"featured_media":565,"template":"","meta":[],"product_brand":[],"product_cat":[21],"product_tag":[],"class_list":{"0":"post-564","1":"product","2":"type-product","3":"status-publish","4":"has-post-thumbnail","6":"product_cat-paski","7":"product_shipping_class-paski","9":"first","10":"onbackorder","11":"shipping-taxable","12":"purchasable","13":"product-type-simple"},"_links":{"self":[{"href":"https:\/\/leatherandbones.pl\/index.php?rest_route=\/wp\/v2\/product\/564","targetHints":{"allow":["GET"]}}],"collection":[{"href":"https:\/\/leatherandbones.pl\/index.php?rest_route=\/wp\/v2\/product"}],"about":[{"href":"https:\/\/leatherandbones.pl\/index.php?rest_route=\/wp\/v2\/types\/product"}],"wp:featuredmedia":[{"embeddable":true,"href":"https:\/\/leatherandbones.pl\/index.php?rest_route=\/wp\/v2\/media\/565"}],"wp:attachment":[{"href":"https:\/\/leatherandbones.pl\/index.php?rest_route=%2Fwp%2Fv2%2Fmedia&parent=564"}],"wp:term":[{"taxonomy":"product_brand","embeddable":true,"href":"https:\/\/leatherandbones.pl\/index.php?rest_route=%2Fwp%2Fv2%2Fproduct_brand&post=564"},{"taxonomy":"product_cat","embeddable":true,"href":"https:\/\/leatherandbones.pl\/index.php?rest_route=%2Fwp%2Fv2%2Fproduct_cat&post=564"},{"taxonomy":"product_tag","embeddable":true,"href":"https:\/\/leatherandbones.pl\/index.php?rest_route=%2Fwp%2Fv2%2Fproduct_tag&post=564"}],"curies":[{"name":"wp","href":"https:\/\/api.w.org\/{rel}","templated":true}]}}